or of b and 15?
5
Let y(c) = c**3 + 6*c**2 - 7*c + 3. Let w be y(-7). Suppose -n + w*n = 5*q - 107, 43 = 2*q - n. What is the highest common divisor of q and 14?
7
Let m be 75*2*(-1)/(-1). Suppose 5*t + 5*d = m, 5*t + 0*d - 160 = -3*d. Let v be (-2 + (-10)/(-4))*10. Calculate the greatest common divisor of t and v.
5
Suppose 2*j - 9 = 5*z, 4*z = 3*j + 2*z - 8. Suppose -j*u = u - 15. What is the highest common factor of u and 30?
5
Let q be 4/((-4)/(-5)) - 1. Suppose 0 = -q*g - 0*g + 1428. Suppose -4*u = -u - g. What is the greatest common factor of 17 and u?
17
Let m(j) = 6*j. Let n be m(2). Let g(b) = b + 4. Let v be g(8). Suppose -5*a = 10, -1 = 5*h + 2*a - v. Calculate the highest common factor of n and h.
3
Let x = -33 + 60. Let o be (x/(-6) - 1)*-2. Let f(d) = -5*d**3 - 2*d. Let r be f(-2). What is the highest common factor of o and r?
11
Let d(s) = s**3 + 10*s**2 + 2*s - 7. Let k be d(-6). Calculate the highest common factor of 25 and k.
25
Suppose 3*v + 5*k = 101, -3*v + 130 = 4*k + 30. Suppose 4 + v = 4*n. What is the highest common factor of 6 and n?
3
Let h(q) = 3*q**3 + q**2 + 2*q - 6. Let n be h(4). What is the highest common factor of n and 42?
42
Suppose 0 = 5*w + h - 64, -1 + 9 = 2*h. Let k(r) = r**3 + 4*r**2 - 2*r - 5. Let c be k(-4). Calculate the highest common factor of c and w.
3
Let d = 0 + -23. Let n = -16 - d. What is the highest common factor of n and 77?
7
Let d be (6/(-8))/(2/(-8)). Suppose c + 28 = d*c. Let w be 14/(2/14 - 0). Calculate the greatest common factor of c and w.
14
Suppose 2*s - 504 = -2*s. Let l = -26 + s. What is the greatest common divisor of 20 and l?
20
Let b(p) = -12*p - 3. Let o be b(-6). Let j = o + -49. Let f = 11 - -9. What is the greatest common divisor of j and f?
20
Suppose 4*p + 0 = 36. Suppose -2*c - 108 = -4*c. Let x be (-8)/(3/(c/(-4))). What is the greatest common divisor of x and p?
9
Suppose -180 = -o - 0*o + 5*s, 3*s + 15 = 0. Calculate the greatest common divisor of 31 and o.
31
Suppose 20 = 5*u - 0. Let q = 6 - u. Suppose 4*y - 3*n = -8*n + 49, -14 = -4*y + q*n. Calculate the highest common factor of y and 24.
6
Let y = 15 + -10. Suppose 196 = y*w - 29. What is the greatest common divisor of 9 and w?
9
Let v = 30 + -18. Let r be (-1 - -5)/(v/24). Calculate the greatest common factor of r and 64.
8
Suppose -4*b = -b - 5*p - 8, 8 = b + p. Let h(x) = 3*x**2 + 2*x + 1. Let j be h(b). What is the greatest common factor of 11 and j?
11
Let y(k) = 2*k + 3. Let b be y(6). Let u(c) = 3*c**2 + 5*c + 18. Let i be u(-3). What is the greatest common divisor of i and b?
15
Suppose 5*s + 9 - 39 = 4*a, 5*a + 31 = 3*s. Suppose 2*g - s + 0 = 0. What is the highest common divisor of g and 5?
1
Let c = -10 + 4. Let b = c + 16. Calculate the greatest common factor of 80 and b.
10
Suppose 2*n - n = 5*s - 311, n - 67 = -s. What is the greatest common divisor of s and 42?
21
Let x = -17 - -7. Let n = -14 - x. Let a be 6/(n/(-4 - -2)). Calculate the highest common factor of 6 and a.
3
Suppose -z - a = -15, -5*z = -4*a + 8*a - 77. Let r(n) = -2*n**3 - 13*n**2 - 8*n + 14. Let o be r(-7). What is the greatest common factor of o and z?
17
Let f be (6/(-6))/(2/(-6)). Suppose -f*j - 405 = -5*g, 107 = 3*g - 4*j - 136. Let y = -48 + g. Calculate the greatest common divisor of y and 11.
11
Suppose -13 + 3 = -2*r, -1 = -2*f + 3*r. Suppose 0*w = -4*p - w + 31, -9 = -p + w. What is the highest common divisor of p and f?
8
Let k be (4 + -44)/(-4) - 5. What is the highest common divisor of k and 65?
5
Let o be ((-90)/(-27))/((-1)/(-6)). Let y = 132 - o. What is the greatest common factor of y and 14?
14
Suppose 24 = 2*h + 8. Let x(n) = 2*n - 11. Let y be x(h). Suppose y*f - 3*b = 680, 0*b = -f + b + 136. Calculate the highest common factor of f and 17.
17
Let p be (-114)/(-14) - (-3)/(-21). What is the greatest common factor of 88 and p?
8
Let f(s) = 79*s**2 - 2*s - 1. Let u be f(-1). Suppose -5*n = 4 + 11. Let m = n + 19. What is the greatest common divisor of m and u?
16
Suppose -p = p - 36. Calculate the greatest common factor of 9 and p.
9
Suppose -5*q + 2*q + 6 = 0, 3*n + 2*q - 67 = 0. Let u = -11 + n. What is the highest common factor of u and 80?
10
Suppose -6*b + 1120 = -b. What is the highest common divisor of b and 28?
28
Suppose 0*g - g + 30 = 4*z, -2*z + 2 = 0. Let i be g/3 + 4/(-6). Calculate the greatest common factor of i and 12.
4
Suppose 0 = 2*o + 3*w - 68, o + 2*w - 50 + 14 = 0. Suppose -4*k = -6*k + o. What is the greatest common factor of 14 and k?
14
Let d(l) = l**3 - 11*l**2 + l - 9. Let i be d(11). Calculate the highest common factor of 6 and i.
2
Let d = 106 + -102. What is the greatest common divisor of 4 and d?
4
Let f = 22 - 6. Suppose -104 = -x + 124. Let s be x/14 + 2/(-7). Calculate the highest common divisor of f and s.
16
Suppose -2*v + 10 = -v. Suppose 11*h - 3 = v*h. What is the highest common divisor of h and 15?
3
Let h(n) = -n - 1. Let f be h(-5). Suppose 2*q - 3*q + f = 0. What is the greatest common factor of 12 and q?
4
Suppose -5*b = k - 4*b + 2, -5 = b. What is the highest common factor of 9 and k?
3
Let j = -27 + 92. Calculate the highest common factor of j and 26.
13
Let t be (-120)/14*(-1 - 6). Calculate the highest common factor of 24 and t.
12
Suppose -44*s = -37*s - 224. Calculate the highest common factor of 8 and s.
8
Let l(n) be the third derivative of n**2 + 0 - 5/12*n**4 + 1/60*n**5 + 0*n + 11/6*n**3. Let k be l(9). What is the greatest common divisor of k and 18?
2
Let z be (-8)/(-32) - 26/8. Let p be 27/1 + 6 + z. Let h be (-81)/(-4) - 2/8. What is the highest common divisor of p and h?
10
Suppose r - 3*l - 45 = 0, -2*r = 3*r + l - 193. Suppose 0*t - r = -3*t. Calculate the highest common divisor of 52 and t.
13
Suppose 2*z = 3*z - 165. Suppose -2*k + 3*k - 28 = -2*m, -5*k - 25 = -m. What is the highest common factor of z and m?
15
Suppose 104 - 24 = 4*s. What is the greatest common divisor of s and 220?
20
Let b(x) = -5*x**2 - 2*x - 2. Let v be b(3). Let j = 76 + v. Calculate the greatest common factor of 23 and j.
23
Let c(b) = 15*b + 2. Let w be c(3). Let i = w - 34. What is the greatest common divisor of 104 and i?
13
Let h be (17 - 2)*-1*-1. Calculate the greatest common factor of 165 and h.
15
Suppose 20 = -5*u + 5*m, 5*u + 5*m = -0*u. Let n = u + 14. What is the highest common divisor of n and 18?
6
Let p be 37 - (1 + -2 + -2). What is the highest common divisor of p and 16?
8
Let w = 2 + 0. Suppose 2 = w*a - 2. Let g be -1*(0 - 0) + 3. Calculate the highest common factor of a and g.
1
Suppose -m = -3*m - 4*v + 240, -2*m + 240 = -2*v. Let c be 17 + (0 + 9)/3. What is the highest common divisor of m and c?
20
Suppose 2*w - 4*w + 22 = 0. Let g(i) = i - 7. Let s be g(10). Suppose -s*z = -2*z - 1. What is the highest common divisor of z and w?
1
Let i be 68/4 + 1 + -2. What is the greatest common factor of 112 and i?
16
Let d(i) = -i**3 - 4*i**2 + 3*i - 7. Let s be d(-5). Let z be 4/s*(3 - 0). What is the highest common divisor of 4 and z?
4
Suppose 5*i = 2*i + 24. Let q = i + -6. Suppose 5*b - q*o - 192 = 0, 3*b - o = -4*o + 111. Calculate the highest common divisor of 19 and b.
19
Suppose 8*s - 171 = 37. What is the greatest common factor of s and 2?
2
Suppose -39 = -3*n + 33. Let q = n + -4. What is the greatest common factor of 5 and q?
5
Let y be 52*(0 - -1) + 32/(-8). Calculate the greatest common factor of 3 and y.
3
Suppose -18 + 80 = 2*w. Let j = w - 19. What is the greatest common divisor of j and 8?
4
Let g = 98 + -73. Calculate the highest common divisor of g and 15.
5
Let x be 4/14 + 24178/98. What is the highest common factor of 13 and x?
13
Let c(d) = -d**3 + 4*d**2 + 5*d - 8. Let f be c(3). Calculate the greatest common factor of f and 24.
8
Let r(c) = 0*c - c + 0*c. Let t be r(-3). What is the greatest common divisor of t and 12?
3
Let w be (2*-1 - -2)/(-2). Suppose 5*v - 1188 - 257 = w. Suppose -34 = 3*t - v. What is the highest common divisor of 17 and t?
17
Suppose 0 = -4*k - 3*w - 111, 4*k + 0*w + 5*w = -113. Let s = -9 - k. Calculate the highest common divisor of 3 and s.
3
Let m be ((-18)/10)/((-12)/100). Calculate the highest common divisor of 15 and m.
15
Suppose 4*m - 2*m = 24. What is the greatest common factor of 12 and m?
12
Let 